{"id":3103,"date":"2024-01-31T16:34:12","date_gmt":"2024-01-31T15:34:12","guid":{"rendered":"https:\/\/u224582.webh.me\/?page_id=3103"},"modified":"2024-10-07T15:41:01","modified_gmt":"2024-10-07T13:41:01","slug":"konsultacja-lekarska-dla-dzieci","status":"publish","type":"page","link":"https:\/\/terapeutica.com.pl\/index.php\/dzieci\/konsultacja-lekarska-dla-dzieci\/","title":{"rendered":"Konsultacja lekarska dla dzieci"},"content":{"rendered":"\n<p class=\"text-justify\">Celem konsultacji psychiatrycznych jest ocena stanu zdrowia dziecka i okre\u015blenie pod\u0142o\u017ca jego trudno\u015bci (postawienie rozpoznania klinicznego, zaplanowanie dalszych dzia\u0142a\u0144 diagnostycznych lub terapeutycznych, a w przypadku konieczno\u015bci &#8211; w\u0142\u0105czenie leczenia farmakologicznego). Ka\u017cda konsultacja psychiatryczna trwa ok. 60 minut &#8211; pe\u0142na diagnoza problemu mo\u017ce obejmowa\u0107 1-3 konsultacje. Je\u017celi odby\u0142a si\u0119 ju\u017c w naszej poradni konsultacja psychologiczna, pedagogiczna lub diagnoza to lekarz ma dost\u0119p do dokumentacji dziecka i konsultuje si\u0119 z zespo\u0142em diagnozuj\u0105cym dziecko. Wydanie za\u015bwiadczenia lekarskiego o stanie zdrowia, do poradni psychologiczno pedagogicznej, do zespo\u0142u do spraw orzekania o niepe\u0142nosprawno\u015bci odbywa si\u0119 na wizycie i jest zawarte w cenie wizyty.<\/p>\n","protected":false},"excerpt":{"rendered":"<p>Celem konsultacji psychiatrycznych jest ocena stanu zdrowia dziecka i okre\u015blenie pod\u0142o\u017ca jego trudno\u015bci (postawienie rozpoznania klinicznego, zaplanowanie dalszych dzia\u0142a\u0144 diagnostycznych lub terapeutycznych, a w przypadku konieczno\u015bci &#8211; w\u0142\u0105czenie leczenia farmakologicznego). Ka\u017cda konsultacja psychiatryczna trwa ok. 60 minut &#8211; pe\u0142na diagnoza problemu mo\u017ce obejmowa\u0107 1-3 konsultacje. Je\u017celi odby\u0142a si\u0119 ju\u017c w&#8230;<\/p>\n","protected":false},"author":1,"featured_media":0,"parent":3087,"menu_order":0,"comment_status":"closed","ping_status":"closed","template":"","meta":{"footnotes":""},"class_list":["post-3103","page","type-page","status-publish","hentry"],"yoast_head":"<!-- This site is optimized with the Yoast SEO plugin v23.5 - https:\/\/yoast.com\/wordpress\/plugins\/seo\/ -->\n<title>Konsultacja lekarska dla dzieci - Terapeutica<\/title>\n<meta name=\"robots\" content=\"index, follow, max-snippet:-1, max-image-preview:large, max-video-preview:-1\" \/>\n<link rel=\"canonical\" href=\"https:\/\/terapeutica.com.pl\/index.php\/dzieci\/konsultacja-lekarska-dla-dzieci\/\" \/>\n<meta property=\"og:locale\" content=\"pl_PL\" \/>\n<meta property=\"og:type\" content=\"article\" \/>\n<meta property=\"og:title\" content=\"Konsultacja lekarska dla dzieci - Terapeutica\" \/>\n<meta property=\"og:description\" content=\"Celem konsultacji psychiatrycznych jest ocena stanu zdrowia dziecka i okre\u015blenie pod\u0142o\u017ca jego trudno\u015bci (postawienie rozpoznania klinicznego, zaplanowanie dalszych dzia\u0142a\u0144 diagnostycznych lub terapeutycznych, a w przypadku konieczno\u015bci &#8211; w\u0142\u0105czenie leczenia farmakologicznego). Ka\u017cda konsultacja psychiatryczna trwa ok. 60 minut &#8211; pe\u0142na diagnoza problemu mo\u017ce obejmowa\u0107 1-3 konsultacje. Je\u017celi odby\u0142a si\u0119 ju\u017c w...\" \/>\n<meta property=\"og:url\" content=\"https:\/\/terapeutica.com.pl\/index.php\/dzieci\/konsultacja-lekarska-dla-dzieci\/\" \/>\n<meta property=\"og:site_name\" content=\"Terapeutica\" \/>\n<meta property=\"article:publisher\" content=\"https:\/\/www.facebook.com\/terapeutica.milanowek\" \/>\n<meta property=\"article:modified_time\" content=\"2024-10-07T13:41:01+00:00\" \/>\n<meta name=\"twitter:card\" content=\"summary_large_image\" \/>\n<meta name=\"twitter:label1\" content=\"Szacowany czas czytania\" \/>\n\t<meta name=\"twitter:data1\" content=\"1 minuta\" \/>\n<script type=\"application\/ld+json\" class=\"yoast-schema-graph\">{\"@context\":\"https:\/\/schema.org\",\"@graph\":[{\"@type\":\"WebPage\",\"@id\":\"https:\/\/terapeutica.com.pl\/index.php\/dzieci\/konsultacja-lekarska-dla-dzieci\/\",\"url\":\"https:\/\/terapeutica.com.pl\/index.php\/dzieci\/konsultacja-lekarska-dla-dzieci\/\",\"name\":\"Konsultacja lekarska dla dzieci - Terapeutica\",\"isPartOf\":{\"@id\":\"https:\/\/terapeutica.com.pl\/#website\"},\"datePublished\":\"2024-01-31T15:34:12+00:00\",\"dateModified\":\"2024-10-07T13:41:01+00:00\",\"breadcrumb\":{\"@id\":\"https:\/\/terapeutica.com.pl\/index.php\/dzieci\/konsultacja-lekarska-dla-dzieci\/#breadcrumb\"},\"inLanguage\":\"pl-PL\",\"potentialAction\":[{\"@type\":\"ReadAction\",\"target\":[\"https:\/\/terapeutica.com.pl\/index.php\/dzieci\/konsultacja-lekarska-dla-dzieci\/\"]}]},{\"@type\":\"BreadcrumbList\",\"@id\":\"https:\/\/terapeutica.com.pl\/index.php\/dzieci\/konsultacja-lekarska-dla-dzieci\/#breadcrumb\",\"itemListElement\":[{\"@type\":\"ListItem\",\"position\":1,\"name\":\"Strona g\u0142\u00f3wna\",\"item\":\"https:\/\/terapeutica.com.pl\/\"},{\"@type\":\"ListItem\",\"position\":2,\"name\":\"Dzieci\",\"item\":\"https:\/\/terapeutica.com.pl\/index.php\/dzieci\/\"},{\"@type\":\"ListItem\",\"position\":3,\"name\":\"Konsultacja lekarska dla dzieci\"}]},{\"@type\":\"WebSite\",\"@id\":\"https:\/\/terapeutica.com.pl\/#website\",\"url\":\"https:\/\/terapeutica.com.pl\/\",\"name\":\"Terapeutica\",\"description\":\"Poradnia psychiatryczno - psychologiczna dla dzieci, m\u0142odzie\u017cy i rodzic\u00f3w w Milan\u00f3wku.\",\"publisher\":{\"@id\":\"https:\/\/terapeutica.com.pl\/#organization\"},\"potentialAction\":[{\"@type\":\"SearchAction\",\"target\":{\"@type\":\"EntryPoint\",\"urlTemplate\":\"https:\/\/terapeutica.com.pl\/?s={search_term_string}\"},\"query-input\":{\"@type\":\"PropertyValueSpecification\",\"valueRequired\":true,\"valueName\":\"search_term_string\"}}],\"inLanguage\":\"pl-PL\"},{\"@type\":\"Organization\",\"@id\":\"https:\/\/terapeutica.com.pl\/#organization\",\"name\":\"Terapeutica\",\"url\":\"https:\/\/terapeutica.com.pl\/\",\"logo\":{\"@type\":\"ImageObject\",\"inLanguage\":\"pl-PL\",\"@id\":\"https:\/\/terapeutica.com.pl\/#\/schema\/logo\/image\/\",\"url\":\"https:\/\/terapeutica.com.pl\/wp-content\/uploads\/2024\/10\/terap_logo.png\",\"contentUrl\":\"https:\/\/terapeutica.com.pl\/wp-content\/uploads\/2024\/10\/terap_logo.png\",\"width\":1080,\"height\":1080,\"caption\":\"Terapeutica\"},\"image\":{\"@id\":\"https:\/\/terapeutica.com.pl\/#\/schema\/logo\/image\/\"},\"sameAs\":[\"https:\/\/www.facebook.com\/terapeutica.milanowek\"]}]}<\/script>\n<!-- \/ Yoast SEO plugin. -->","yoast_head_json":{"title":"Konsultacja lekarska dla dzieci - Terapeutica","robots":{"index":"index","follow":"follow","max-snippet":"max-snippet:-1","max-image-preview":"max-image-preview:large","max-video-preview":"max-video-preview:-1"},"canonical":"https:\/\/terapeutica.com.pl\/index.php\/dzieci\/konsultacja-lekarska-dla-dzieci\/","og_locale":"pl_PL","og_type":"article","og_title":"Konsultacja lekarska dla dzieci - Terapeutica","og_description":"Celem konsultacji psychiatrycznych jest ocena stanu zdrowia dziecka i okre\u015blenie pod\u0142o\u017ca jego trudno\u015bci (postawienie rozpoznania klinicznego, zaplanowanie dalszych dzia\u0142a\u0144 diagnostycznych lub terapeutycznych, a w przypadku konieczno\u015bci &#8211; w\u0142\u0105czenie leczenia farmakologicznego). Ka\u017cda konsultacja psychiatryczna trwa ok. 60 minut &#8211; pe\u0142na diagnoza problemu mo\u017ce obejmowa\u0107 1-3 konsultacje. Je\u017celi odby\u0142a si\u0119 ju\u017c w...","og_url":"https:\/\/terapeutica.com.pl\/index.php\/dzieci\/konsultacja-lekarska-dla-dzieci\/","og_site_name":"Terapeutica","article_publisher":"https:\/\/www.facebook.com\/terapeutica.milanowek","article_modified_time":"2024-10-07T13:41:01+00:00","twitter_card":"summary_large_image","twitter_misc":{"Szacowany czas czytania":"1 minuta"},"schema":{"@context":"https:\/\/schema.org","@graph":[{"@type":"WebPage","@id":"https:\/\/terapeutica.com.pl\/index.php\/dzieci\/konsultacja-lekarska-dla-dzieci\/","url":"https:\/\/terapeutica.com.pl\/index.php\/dzieci\/konsultacja-lekarska-dla-dzieci\/","name":"Konsultacja lekarska dla dzieci - Terapeutica","isPartOf":{"@id":"https:\/\/terapeutica.com.pl\/#website"},"datePublished":"2024-01-31T15:34:12+00:00","dateModified":"2024-10-07T13:41:01+00:00","breadcrumb":{"@id":"https:\/\/terapeutica.com.pl\/index.php\/dzieci\/konsultacja-lekarska-dla-dzieci\/#breadcrumb"},"inLanguage":"pl-PL","potentialAction":[{"@type":"ReadAction","target":["https:\/\/terapeutica.com.pl\/index.php\/dzieci\/konsultacja-lekarska-dla-dzieci\/"]}]},{"@type":"BreadcrumbList","@id":"https:\/\/terapeutica.com.pl\/index.php\/dzieci\/konsultacja-lekarska-dla-dzieci\/#breadcrumb","itemListElement":[{"@type":"ListItem","position":1,"name":"Strona g\u0142\u00f3wna","item":"https:\/\/terapeutica.com.pl\/"},{"@type":"ListItem","position":2,"name":"Dzieci","item":"https:\/\/terapeutica.com.pl\/index.php\/dzieci\/"},{"@type":"ListItem","position":3,"name":"Konsultacja lekarska dla dzieci"}]},{"@type":"WebSite","@id":"https:\/\/terapeutica.com.pl\/#website","url":"https:\/\/terapeutica.com.pl\/","name":"Terapeutica","description":"Poradnia psychiatryczno - psychologiczna dla dzieci, m\u0142odzie\u017cy i rodzic\u00f3w w Milan\u00f3wku.","publisher":{"@id":"https:\/\/terapeutica.com.pl\/#organization"},"potentialAction":[{"@type":"SearchAction","target":{"@type":"EntryPoint","urlTemplate":"https:\/\/terapeutica.com.pl\/?s={search_term_string}"},"query-input":{"@type":"PropertyValueSpecification","valueRequired":true,"valueName":"search_term_string"}}],"inLanguage":"pl-PL"},{"@type":"Organization","@id":"https:\/\/terapeutica.com.pl\/#organization","name":"Terapeutica","url":"https:\/\/terapeutica.com.pl\/","logo":{"@type":"ImageObject","inLanguage":"pl-PL","@id":"https:\/\/terapeutica.com.pl\/#\/schema\/logo\/image\/","url":"https:\/\/terapeutica.com.pl\/wp-content\/uploads\/2024\/10\/terap_logo.png","contentUrl":"https:\/\/terapeutica.com.pl\/wp-content\/uploads\/2024\/10\/terap_logo.png","width":1080,"height":1080,"caption":"Terapeutica"},"image":{"@id":"https:\/\/terapeutica.com.pl\/#\/schema\/logo\/image\/"},"sameAs":["https:\/\/www.facebook.com\/terapeutica.milanowek"]}]}},"_links":{"self":[{"href":"https:\/\/terapeutica.com.pl\/index.php\/wp-json\/wp\/v2\/pages\/3103"}],"collection":[{"href":"https:\/\/terapeutica.com.pl\/index.php\/wp-json\/wp\/v2\/pages"}],"about":[{"href":"https:\/\/terapeutica.com.pl\/index.php\/wp-json\/wp\/v2\/types\/page"}],"author":[{"embeddable":true,"href":"https:\/\/terapeutica.com.pl\/index.php\/wp-json\/wp\/v2\/users\/1"}],"replies":[{"embeddable":true,"href":"https:\/\/terapeutica.com.pl\/index.php\/wp-json\/wp\/v2\/comments?post=3103"}],"version-history":[{"count":3,"href":"https:\/\/terapeutica.com.pl\/index.php\/wp-json\/wp\/v2\/pages\/3103\/revisions"}],"predecessor-version":[{"id":3479,"href":"https:\/\/terapeutica.com.pl\/index.php\/wp-json\/wp\/v2\/pages\/3103\/revisions\/3479"}],"up":[{"embeddable":true,"href":"https:\/\/terapeutica.com.pl\/index.php\/wp-json\/wp\/v2\/pages\/3087"}],"wp:attachment":[{"href":"https:\/\/terapeutica.com.pl\/index.php\/wp-json\/wp\/v2\/media?parent=3103"}],"curies":[{"name":"wp","href":"https:\/\/api.w.org\/{rel}","templated":true}]}}