{"id":3136,"date":"2024-02-02T12:58:24","date_gmt":"2024-02-02T11:58:24","guid":{"rendered":"https:\/\/u224582.webh.me\/?page_id=3136"},"modified":"2024-03-11T18:21:49","modified_gmt":"2024-03-11T17:21:49","slug":"psychoterapia-indywidualna","status":"publish","type":"page","link":"https:\/\/terapeutica.com.pl\/index.php\/psychoterapia-indywidualna\/","title":{"rendered":"Psychoterapia indywidualna dla m\u0142odzie\u017cy"},"content":{"rendered":"\n<p class=\"text-justify\">Psychoterapia dla m\u0142odzie\u017cy ma na celu bezpo\u015brednie wsparcie w znalezieniu skutecznych metod radzenia sobie z problemami, z kt\u00f3rymi si\u0119 zg\u0142aszaj\u0105. S\u0105 one najcz\u0119\u015bciej zwi\u0105zane z l\u0119kiem, depresj\u0105, zaburzeniami snu, zaburzeniami od\u017cywiania (bulimi\u0105, anoreksj\u0105), prze\u017cywaniem konflikt\u00f3w wewn\u0119trznych, stresem oraz zachowaniami autoagresywnymi, trudno\u015bciami zdrowotnymi o nie wyja\u015bnionym w badaniach medycznych pochodzeniu, a tak\u017ce trudno\u015bciami w nawi\u0105zywaniu relacji z innymi lud\u017ami. Powodem zg\u0142oszenia mo\u017ce by\u0107 te\u017c kryzys warto\u015bci, do\u015bwiadczenie uczucia pustki, poczucie braku sensu \u017cycia, do\u015bwiadczanie przemocy fizycznej lub psychicznej, cierpienia z powodu utraty bliskiej osoby. Poza spotkaniami w ramach psychoterapii dla dzieci jak i m\u0142odzie\u017cy proponujemy wsparcie w postaci spotka\u0144 rodzicielskich (rodzice i psychoterapeuta), kt\u00f3re mog\u0105 pom\u00f3c w bli\u017cszym przyjrzeniu si\u0119 problemom. S\u0142u\u017c\u0105 one w zrozumieniu sytuacji dziecka\/nastolatka i w\u0142a\u015bciwej z nim komunikacji, a tym samym umo\u017cliwiaj\u0105 rodzicom tworzenie lepszych, bardziej satysfakcjonuj\u0105cych relacji ze swoimi dzie\u0107mi.<\/p>\n\n\n\n<p class=\"text-justify\">Sesje terapeutyczne odbywaj\u0105 si\u0119 raz w tygodniu, o&nbsp;sta\u0142ych porach. Czas sesji to&nbsp;50&nbsp;minut D\u0142ugo\u015b\u0107 terapii zale\u017cy od&nbsp;zg\u0142aszanego problemu i&nbsp;potrzeb pacjenta. Psychoterapia poprzedzona jest konsultacj\u0105. W przypadku os\u00f3b niepe\u0142noletnich konsultacja odbywa si\u0119 z&nbsp;rodzicem b\u0105d\u017a opiekunem m\u0142odej osoby. Nastolatek po&nbsp;uko\u0144czeniu 18. roku \u017cycia na&nbsp;terapi\u0119 mo\u017ce zg\u0142osi\u0107 si\u0119 samodzielnie. W&nbsp;trakcie konsultacji terapeuta zapoznaje si\u0119 ze&nbsp;zg\u0142aszanymi problemami i&nbsp;ustala z&nbsp;pacjentem cele pracy terapeutycznej oraz okres trwania psychoterapii.<\/p>\n","protected":false},"excerpt":{"rendered":"<p>Psychoterapia dla m\u0142odzie\u017cy ma na celu bezpo\u015brednie wsparcie w znalezieniu skutecznych metod radzenia sobie z problemami, z kt\u00f3rymi si\u0119 zg\u0142aszaj\u0105. S\u0105 one najcz\u0119\u015bciej zwi\u0105zane z l\u0119kiem, depresj\u0105, zaburzeniami snu, zaburzeniami od\u017cywiania (bulimi\u0105, anoreksj\u0105), prze\u017cywaniem konflikt\u00f3w wewn\u0119trznych, stresem oraz zachowaniami autoagresywnymi, trudno\u015bciami zdrowotnymi o nie wyja\u015bnionym w badaniach medycznych pochodzeniu, a&#8230;<\/p>\n","protected":false},"author":1,"featured_media":0,"parent":0,"menu_order":0,"comment_status":"closed","ping_status":"closed","template":"","meta":{"footnotes":""},"class_list":["post-3136","page","type-page","status-publish","hentry"],"yoast_head":"<!-- This site is optimized with the Yoast SEO plugin v23.5 - https:\/\/yoast.com\/wordpress\/plugins\/seo\/ -->\n<title>Psychoterapia indywidualna dla m\u0142odzie\u017cy - Terapeutica<\/title>\n<meta name=\"robots\" content=\"index, follow, max-snippet:-1, max-image-preview:large, max-video-preview:-1\" \/>\n<link rel=\"canonical\" href=\"https:\/\/terapeutica.com.pl\/index.php\/psychoterapia-indywidualna\/\" \/>\n<meta property=\"og:locale\" content=\"pl_PL\" \/>\n<meta property=\"og:type\" content=\"article\" \/>\n<meta property=\"og:title\" content=\"Psychoterapia indywidualna dla m\u0142odzie\u017cy - Terapeutica\" \/>\n<meta property=\"og:description\" content=\"Psychoterapia dla m\u0142odzie\u017cy ma na celu bezpo\u015brednie wsparcie w znalezieniu skutecznych metod radzenia sobie z problemami, z kt\u00f3rymi si\u0119 zg\u0142aszaj\u0105. S\u0105 one najcz\u0119\u015bciej zwi\u0105zane z l\u0119kiem, depresj\u0105, zaburzeniami snu, zaburzeniami od\u017cywiania (bulimi\u0105, anoreksj\u0105), prze\u017cywaniem konflikt\u00f3w wewn\u0119trznych, stresem oraz zachowaniami autoagresywnymi, trudno\u015bciami zdrowotnymi o nie wyja\u015bnionym w badaniach medycznych pochodzeniu, a...\" \/>\n<meta property=\"og:url\" content=\"https:\/\/terapeutica.com.pl\/index.php\/psychoterapia-indywidualna\/\" \/>\n<meta property=\"og:site_name\" content=\"Terapeutica\" \/>\n<meta property=\"article:publisher\" content=\"https:\/\/www.facebook.com\/terapeutica.milanowek\" \/>\n<meta property=\"article:modified_time\" content=\"2024-03-11T17:21:49+00:00\" \/>\n<meta name=\"twitter:card\" content=\"summary_large_image\" \/>\n<meta name=\"twitter:label1\" content=\"Szacowany czas czytania\" \/>\n\t<meta name=\"twitter:data1\" content=\"1 minuta\" \/>\n<script type=\"application\/ld+json\" class=\"yoast-schema-graph\">{\"@context\":\"https:\/\/schema.org\",\"@graph\":[{\"@type\":\"WebPage\",\"@id\":\"https:\/\/terapeutica.com.pl\/index.php\/psychoterapia-indywidualna\/\",\"url\":\"https:\/\/terapeutica.com.pl\/index.php\/psychoterapia-indywidualna\/\",\"name\":\"Psychoterapia indywidualna dla m\u0142odzie\u017cy - Terapeutica\",\"isPartOf\":{\"@id\":\"https:\/\/terapeutica.com.pl\/#website\"},\"datePublished\":\"2024-02-02T11:58:24+00:00\",\"dateModified\":\"2024-03-11T17:21:49+00:00\",\"breadcrumb\":{\"@id\":\"https:\/\/terapeutica.com.pl\/index.php\/psychoterapia-indywidualna\/#breadcrumb\"},\"inLanguage\":\"pl-PL\",\"potentialAction\":[{\"@type\":\"ReadAction\",\"target\":[\"https:\/\/terapeutica.com.pl\/index.php\/psychoterapia-indywidualna\/\"]}]},{\"@type\":\"BreadcrumbList\",\"@id\":\"https:\/\/terapeutica.com.pl\/index.php\/psychoterapia-indywidualna\/#breadcrumb\",\"itemListElement\":[{\"@type\":\"ListItem\",\"position\":1,\"name\":\"Strona g\u0142\u00f3wna\",\"item\":\"https:\/\/terapeutica.com.pl\/\"},{\"@type\":\"ListItem\",\"position\":2,\"name\":\"Psychoterapia indywidualna dla m\u0142odzie\u017cy\"}]},{\"@type\":\"WebSite\",\"@id\":\"https:\/\/terapeutica.com.pl\/#website\",\"url\":\"https:\/\/terapeutica.com.pl\/\",\"name\":\"Terapeutica\",\"description\":\"Poradnia psychiatryczno - psychologiczna dla dzieci, m\u0142odzie\u017cy i rodzic\u00f3w w Milan\u00f3wku.\",\"publisher\":{\"@id\":\"https:\/\/terapeutica.com.pl\/#organization\"},\"potentialAction\":[{\"@type\":\"SearchAction\",\"target\":{\"@type\":\"EntryPoint\",\"urlTemplate\":\"https:\/\/terapeutica.com.pl\/?s={search_term_string}\"},\"query-input\":{\"@type\":\"PropertyValueSpecification\",\"valueRequired\":true,\"valueName\":\"search_term_string\"}}],\"inLanguage\":\"pl-PL\"},{\"@type\":\"Organization\",\"@id\":\"https:\/\/terapeutica.com.pl\/#organization\",\"name\":\"Terapeutica\",\"url\":\"https:\/\/terapeutica.com.pl\/\",\"logo\":{\"@type\":\"ImageObject\",\"inLanguage\":\"pl-PL\",\"@id\":\"https:\/\/terapeutica.com.pl\/#\/schema\/logo\/image\/\",\"url\":\"https:\/\/terapeutica.com.pl\/wp-content\/uploads\/2024\/10\/terap_logo.png\",\"contentUrl\":\"https:\/\/terapeutica.com.pl\/wp-content\/uploads\/2024\/10\/terap_logo.png\",\"width\":1080,\"height\":1080,\"caption\":\"Terapeutica\"},\"image\":{\"@id\":\"https:\/\/terapeutica.com.pl\/#\/schema\/logo\/image\/\"},\"sameAs\":[\"https:\/\/www.facebook.com\/terapeutica.milanowek\"]}]}<\/script>\n<!-- \/ Yoast SEO plugin. -->","yoast_head_json":{"title":"Psychoterapia indywidualna dla m\u0142odzie\u017cy - Terapeutica","robots":{"index":"index","follow":"follow","max-snippet":"max-snippet:-1","max-image-preview":"max-image-preview:large","max-video-preview":"max-video-preview:-1"},"canonical":"https:\/\/terapeutica.com.pl\/index.php\/psychoterapia-indywidualna\/","og_locale":"pl_PL","og_type":"article","og_title":"Psychoterapia indywidualna dla m\u0142odzie\u017cy - Terapeutica","og_description":"Psychoterapia dla m\u0142odzie\u017cy ma na celu bezpo\u015brednie wsparcie w znalezieniu skutecznych metod radzenia sobie z problemami, z kt\u00f3rymi si\u0119 zg\u0142aszaj\u0105. S\u0105 one najcz\u0119\u015bciej zwi\u0105zane z l\u0119kiem, depresj\u0105, zaburzeniami snu, zaburzeniami od\u017cywiania (bulimi\u0105, anoreksj\u0105), prze\u017cywaniem konflikt\u00f3w wewn\u0119trznych, stresem oraz zachowaniami autoagresywnymi, trudno\u015bciami zdrowotnymi o nie wyja\u015bnionym w badaniach medycznych pochodzeniu, a...","og_url":"https:\/\/terapeutica.com.pl\/index.php\/psychoterapia-indywidualna\/","og_site_name":"Terapeutica","article_publisher":"https:\/\/www.facebook.com\/terapeutica.milanowek","article_modified_time":"2024-03-11T17:21:49+00:00","twitter_card":"summary_large_image","twitter_misc":{"Szacowany czas czytania":"1 minuta"},"schema":{"@context":"https:\/\/schema.org","@graph":[{"@type":"WebPage","@id":"https:\/\/terapeutica.com.pl\/index.php\/psychoterapia-indywidualna\/","url":"https:\/\/terapeutica.com.pl\/index.php\/psychoterapia-indywidualna\/","name":"Psychoterapia indywidualna dla m\u0142odzie\u017cy - Terapeutica","isPartOf":{"@id":"https:\/\/terapeutica.com.pl\/#website"},"datePublished":"2024-02-02T11:58:24+00:00","dateModified":"2024-03-11T17:21:49+00:00","breadcrumb":{"@id":"https:\/\/terapeutica.com.pl\/index.php\/psychoterapia-indywidualna\/#breadcrumb"},"inLanguage":"pl-PL","potentialAction":[{"@type":"ReadAction","target":["https:\/\/terapeutica.com.pl\/index.php\/psychoterapia-indywidualna\/"]}]},{"@type":"BreadcrumbList","@id":"https:\/\/terapeutica.com.pl\/index.php\/psychoterapia-indywidualna\/#breadcrumb","itemListElement":[{"@type":"ListItem","position":1,"name":"Strona g\u0142\u00f3wna","item":"https:\/\/terapeutica.com.pl\/"},{"@type":"ListItem","position":2,"name":"Psychoterapia indywidualna dla m\u0142odzie\u017cy"}]},{"@type":"WebSite","@id":"https:\/\/terapeutica.com.pl\/#website","url":"https:\/\/terapeutica.com.pl\/","name":"Terapeutica","description":"Poradnia psychiatryczno - psychologiczna dla dzieci, m\u0142odzie\u017cy i rodzic\u00f3w w Milan\u00f3wku.","publisher":{"@id":"https:\/\/terapeutica.com.pl\/#organization"},"potentialAction":[{"@type":"SearchAction","target":{"@type":"EntryPoint","urlTemplate":"https:\/\/terapeutica.com.pl\/?s={search_term_string}"},"query-input":{"@type":"PropertyValueSpecification","valueRequired":true,"valueName":"search_term_string"}}],"inLanguage":"pl-PL"},{"@type":"Organization","@id":"https:\/\/terapeutica.com.pl\/#organization","name":"Terapeutica","url":"https:\/\/terapeutica.com.pl\/","logo":{"@type":"ImageObject","inLanguage":"pl-PL","@id":"https:\/\/terapeutica.com.pl\/#\/schema\/logo\/image\/","url":"https:\/\/terapeutica.com.pl\/wp-content\/uploads\/2024\/10\/terap_logo.png","contentUrl":"https:\/\/terapeutica.com.pl\/wp-content\/uploads\/2024\/10\/terap_logo.png","width":1080,"height":1080,"caption":"Terapeutica"},"image":{"@id":"https:\/\/terapeutica.com.pl\/#\/schema\/logo\/image\/"},"sameAs":["https:\/\/www.facebook.com\/terapeutica.milanowek"]}]}},"_links":{"self":[{"href":"https:\/\/terapeutica.com.pl\/index.php\/wp-json\/wp\/v2\/pages\/3136"}],"collection":[{"href":"https:\/\/terapeutica.com.pl\/index.php\/wp-json\/wp\/v2\/pages"}],"about":[{"href":"https:\/\/terapeutica.com.pl\/index.php\/wp-json\/wp\/v2\/types\/page"}],"author":[{"embeddable":true,"href":"https:\/\/terapeutica.com.pl\/index.php\/wp-json\/wp\/v2\/users\/1"}],"replies":[{"embeddable":true,"href":"https:\/\/terapeutica.com.pl\/index.php\/wp-json\/wp\/v2\/comments?post=3136"}],"version-history":[{"count":8,"href":"https:\/\/terapeutica.com.pl\/index.php\/wp-json\/wp\/v2\/pages\/3136\/revisions"}],"predecessor-version":[{"id":3493,"href":"https:\/\/terapeutica.com.pl\/index.php\/wp-json\/wp\/v2\/pages\/3136\/revisions\/3493"}],"wp:attachment":[{"href":"https:\/\/terapeutica.com.pl\/index.php\/wp-json\/wp\/v2\/media?parent=3136"}],"curies":[{"name":"wp","href":"https:\/\/api.w.org\/{rel}","templated":true}]}}