{"id":3238,"date":"2024-02-08T01:07:12","date_gmt":"2024-02-08T00:07:12","guid":{"rendered":"https:\/\/u224582.webh.me\/?page_id=3238"},"modified":"2024-03-04T16:51:12","modified_gmt":"2024-03-04T15:51:12","slug":"dorota-sobczynska","status":"publish","type":"page","link":"https:\/\/terapeutica.com.pl\/index.php\/dorota-sobczynska\/","title":{"rendered":"Dorota Sobczy\u0144ska"},"content":{"rendered":"<div class=\"d-flex flex-row\">\n<div class=\"d-flex flex-column\" style=\"width: 25%;\"><img decoding=\"async\" src=\"\"><img decoding=\"async\" src=\"\/wp-content\/uploads\/2024\/02\/miniatura_ds.png\" width=\"180px\"><\/img><br \/>\nPsycholog diagnosta, terapeuta pedagogiczny, certyfikowany terapeuta metody Neuroflow\u00ae ATS<\/div>\n<div class=\"d-flex flex-column pl-3\" style=\"width: 74%;\">\n<p><b>Kwalifikacje i do\u015bwiadczenie zawodowe<\/b><\/p>\n<p>Uko\u0144czy\u0142am Wydzia\u0142 Psychologii na Uniwersytecie Warszawskim oraz Studia<br \/>\nPodyplomowe \u2013 Terapia Pedagogiczna uczni\u00f3w ze specyficznymi trudno\u015bciami<br \/>\nw uczeniu si\u0119 \u2013 WSS-E i PTD.<\/p>\n<p>Posiadam wieloletnie do\u015bwiadczenie w pracy w poradnictwie psychologiczno-<br \/>\npedagogicznym w diagnozowaniu zaburze\u0144 neurorozwojowych oraz w pracy<br \/>\nterapeutycznej z dzie\u0107mi i m\u0142odzie\u017c\u0105 z trudno\u015bciami w uczeniu si\u0119.<\/p>\n<p><b>W poradni Terapeutica<\/b><\/p>\n<p>Zajmuj\u0119 si\u0119 diagnoz\u0105 psychologiczn\u0105 dzieci i m\u0142odzie\u017cy g\u0142\u00f3wnie w kierunku<br \/>\nspecyficznych trudno\u015bci w nauce \u2013 dysgrafi\u0105, dysleksj\u0105, dysortografi\u0105,<br \/>\ndyskalkuli\u0105, specyficznych zaburze\u0144 j\u0119zykowych, ca\u0142o\u015bciowych zaburze\u0144<br \/>\nrozwoju oraz ADHD.<\/p>\n<p>Przeprowadzam diagnoz\u0119 zaburze\u0144 przetwarzania s\u0142uchowego z<br \/>\nwykorzystaniem Platformy APD Medical metod\u0105 Neuroflow\u00ae oraz monitoruj\u0119<br \/>\nprzebieg treningu s\u0142uchowego.<\/p>\n<\/div>\n<\/div>\n","protected":false},"excerpt":{"rendered":"<p>Psycholog diagnosta, terapeuta pedagogiczny, certyfikowany terapeuta metody Neuroflow\u00ae ATS Kwalifikacje i do\u015bwiadczenie zawodowe Uko\u0144czy\u0142am Wydzia\u0142 Psychologii na Uniwersytecie Warszawskim oraz Studia Podyplomowe \u2013 Terapia Pedagogiczna uczni\u00f3w ze specyficznymi trudno\u015bciami w uczeniu si\u0119 \u2013 WSS-E i PTD. Posiadam wieloletnie do\u015bwiadczenie w pracy w poradnictwie psychologiczno- pedagogicznym w diagnozowaniu zaburze\u0144 neurorozwojowych oraz&#8230;<\/p>\n","protected":false},"author":1,"featured_media":0,"parent":0,"menu_order":0,"comment_status":"closed","ping_status":"closed","template":"","meta":{"footnotes":""},"class_list":["post-3238","page","type-page","status-publish","hentry"],"yoast_head":"<!-- This site is optimized with the Yoast SEO plugin v23.5 - https:\/\/yoast.com\/wordpress\/plugins\/seo\/ -->\n<title>Dorota Sobczy\u0144ska - Terapeutica<\/title>\n<meta name=\"robots\" content=\"index, follow, max-snippet:-1, max-image-preview:large, max-video-preview:-1\" \/>\n<link rel=\"canonical\" href=\"https:\/\/terapeutica.com.pl\/index.php\/dorota-sobczynska\/\" \/>\n<meta property=\"og:locale\" content=\"pl_PL\" \/>\n<meta property=\"og:type\" content=\"article\" \/>\n<meta property=\"og:title\" content=\"Dorota Sobczy\u0144ska - Terapeutica\" \/>\n<meta property=\"og:description\" content=\"Psycholog diagnosta, terapeuta pedagogiczny, certyfikowany terapeuta metody Neuroflow\u00ae ATS Kwalifikacje i do\u015bwiadczenie zawodowe Uko\u0144czy\u0142am Wydzia\u0142 Psychologii na Uniwersytecie Warszawskim oraz Studia Podyplomowe \u2013 Terapia Pedagogiczna uczni\u00f3w ze specyficznymi trudno\u015bciami w uczeniu si\u0119 \u2013 WSS-E i PTD. Posiadam wieloletnie do\u015bwiadczenie w pracy w poradnictwie psychologiczno- pedagogicznym w diagnozowaniu zaburze\u0144 neurorozwojowych oraz...\" \/>\n<meta property=\"og:url\" content=\"https:\/\/terapeutica.com.pl\/index.php\/dorota-sobczynska\/\" \/>\n<meta property=\"og:site_name\" content=\"Terapeutica\" \/>\n<meta property=\"article:publisher\" content=\"https:\/\/www.facebook.com\/terapeutica.milanowek\" \/>\n<meta property=\"article:modified_time\" content=\"2024-03-04T15:51:12+00:00\" \/>\n<meta name=\"twitter:card\" content=\"summary_large_image\" \/>\n<meta name=\"twitter:label1\" content=\"Szacowany czas czytania\" \/>\n\t<meta name=\"twitter:data1\" content=\"1 minuta\" \/>\n<script type=\"application\/ld+json\" class=\"yoast-schema-graph\">{\"@context\":\"https:\/\/schema.org\",\"@graph\":[{\"@type\":\"WebPage\",\"@id\":\"https:\/\/terapeutica.com.pl\/index.php\/dorota-sobczynska\/\",\"url\":\"https:\/\/terapeutica.com.pl\/index.php\/dorota-sobczynska\/\",\"name\":\"Dorota Sobczy\u0144ska - Terapeutica\",\"isPartOf\":{\"@id\":\"https:\/\/terapeutica.com.pl\/#website\"},\"datePublished\":\"2024-02-08T00:07:12+00:00\",\"dateModified\":\"2024-03-04T15:51:12+00:00\",\"breadcrumb\":{\"@id\":\"https:\/\/terapeutica.com.pl\/index.php\/dorota-sobczynska\/#breadcrumb\"},\"inLanguage\":\"pl-PL\",\"potentialAction\":[{\"@type\":\"ReadAction\",\"target\":[\"https:\/\/terapeutica.com.pl\/index.php\/dorota-sobczynska\/\"]}]},{\"@type\":\"BreadcrumbList\",\"@id\":\"https:\/\/terapeutica.com.pl\/index.php\/dorota-sobczynska\/#breadcrumb\",\"itemListElement\":[{\"@type\":\"ListItem\",\"position\":1,\"name\":\"Strona g\u0142\u00f3wna\",\"item\":\"https:\/\/terapeutica.com.pl\/\"},{\"@type\":\"ListItem\",\"position\":2,\"name\":\"Dorota Sobczy\u0144ska\"}]},{\"@type\":\"WebSite\",\"@id\":\"https:\/\/terapeutica.com.pl\/#website\",\"url\":\"https:\/\/terapeutica.com.pl\/\",\"name\":\"Terapeutica\",\"description\":\"Poradnia psychiatryczno - psychologiczna dla dzieci, m\u0142odzie\u017cy i rodzic\u00f3w w Milan\u00f3wku.\",\"publisher\":{\"@id\":\"https:\/\/terapeutica.com.pl\/#organization\"},\"potentialAction\":[{\"@type\":\"SearchAction\",\"target\":{\"@type\":\"EntryPoint\",\"urlTemplate\":\"https:\/\/terapeutica.com.pl\/?s={search_term_string}\"},\"query-input\":{\"@type\":\"PropertyValueSpecification\",\"valueRequired\":true,\"valueName\":\"search_term_string\"}}],\"inLanguage\":\"pl-PL\"},{\"@type\":\"Organization\",\"@id\":\"https:\/\/terapeutica.com.pl\/#organization\",\"name\":\"Terapeutica\",\"url\":\"https:\/\/terapeutica.com.pl\/\",\"logo\":{\"@type\":\"ImageObject\",\"inLanguage\":\"pl-PL\",\"@id\":\"https:\/\/terapeutica.com.pl\/#\/schema\/logo\/image\/\",\"url\":\"https:\/\/terapeutica.com.pl\/wp-content\/uploads\/2024\/10\/terap_logo.png\",\"contentUrl\":\"https:\/\/terapeutica.com.pl\/wp-content\/uploads\/2024\/10\/terap_logo.png\",\"width\":1080,\"height\":1080,\"caption\":\"Terapeutica\"},\"image\":{\"@id\":\"https:\/\/terapeutica.com.pl\/#\/schema\/logo\/image\/\"},\"sameAs\":[\"https:\/\/www.facebook.com\/terapeutica.milanowek\"]}]}<\/script>\n<!-- \/ Yoast SEO plugin. -->","yoast_head_json":{"title":"Dorota Sobczy\u0144ska - Terapeutica","robots":{"index":"index","follow":"follow","max-snippet":"max-snippet:-1","max-image-preview":"max-image-preview:large","max-video-preview":"max-video-preview:-1"},"canonical":"https:\/\/terapeutica.com.pl\/index.php\/dorota-sobczynska\/","og_locale":"pl_PL","og_type":"article","og_title":"Dorota Sobczy\u0144ska - Terapeutica","og_description":"Psycholog diagnosta, terapeuta pedagogiczny, certyfikowany terapeuta metody Neuroflow\u00ae ATS Kwalifikacje i do\u015bwiadczenie zawodowe Uko\u0144czy\u0142am Wydzia\u0142 Psychologii na Uniwersytecie Warszawskim oraz Studia Podyplomowe \u2013 Terapia Pedagogiczna uczni\u00f3w ze specyficznymi trudno\u015bciami w uczeniu si\u0119 \u2013 WSS-E i PTD. Posiadam wieloletnie do\u015bwiadczenie w pracy w poradnictwie psychologiczno- pedagogicznym w diagnozowaniu zaburze\u0144 neurorozwojowych oraz...","og_url":"https:\/\/terapeutica.com.pl\/index.php\/dorota-sobczynska\/","og_site_name":"Terapeutica","article_publisher":"https:\/\/www.facebook.com\/terapeutica.milanowek","article_modified_time":"2024-03-04T15:51:12+00:00","twitter_card":"summary_large_image","twitter_misc":{"Szacowany czas czytania":"1 minuta"},"schema":{"@context":"https:\/\/schema.org","@graph":[{"@type":"WebPage","@id":"https:\/\/terapeutica.com.pl\/index.php\/dorota-sobczynska\/","url":"https:\/\/terapeutica.com.pl\/index.php\/dorota-sobczynska\/","name":"Dorota Sobczy\u0144ska - Terapeutica","isPartOf":{"@id":"https:\/\/terapeutica.com.pl\/#website"},"datePublished":"2024-02-08T00:07:12+00:00","dateModified":"2024-03-04T15:51:12+00:00","breadcrumb":{"@id":"https:\/\/terapeutica.com.pl\/index.php\/dorota-sobczynska\/#breadcrumb"},"inLanguage":"pl-PL","potentialAction":[{"@type":"ReadAction","target":["https:\/\/terapeutica.com.pl\/index.php\/dorota-sobczynska\/"]}]},{"@type":"BreadcrumbList","@id":"https:\/\/terapeutica.com.pl\/index.php\/dorota-sobczynska\/#breadcrumb","itemListElement":[{"@type":"ListItem","position":1,"name":"Strona g\u0142\u00f3wna","item":"https:\/\/terapeutica.com.pl\/"},{"@type":"ListItem","position":2,"name":"Dorota Sobczy\u0144ska"}]},{"@type":"WebSite","@id":"https:\/\/terapeutica.com.pl\/#website","url":"https:\/\/terapeutica.com.pl\/","name":"Terapeutica","description":"Poradnia psychiatryczno - psychologiczna dla dzieci, m\u0142odzie\u017cy i rodzic\u00f3w w Milan\u00f3wku.","publisher":{"@id":"https:\/\/terapeutica.com.pl\/#organization"},"potentialAction":[{"@type":"SearchAction","target":{"@type":"EntryPoint","urlTemplate":"https:\/\/terapeutica.com.pl\/?s={search_term_string}"},"query-input":{"@type":"PropertyValueSpecification","valueRequired":true,"valueName":"search_term_string"}}],"inLanguage":"pl-PL"},{"@type":"Organization","@id":"https:\/\/terapeutica.com.pl\/#organization","name":"Terapeutica","url":"https:\/\/terapeutica.com.pl\/","logo":{"@type":"ImageObject","inLanguage":"pl-PL","@id":"https:\/\/terapeutica.com.pl\/#\/schema\/logo\/image\/","url":"https:\/\/terapeutica.com.pl\/wp-content\/uploads\/2024\/10\/terap_logo.png","contentUrl":"https:\/\/terapeutica.com.pl\/wp-content\/uploads\/2024\/10\/terap_logo.png","width":1080,"height":1080,"caption":"Terapeutica"},"image":{"@id":"https:\/\/terapeutica.com.pl\/#\/schema\/logo\/image\/"},"sameAs":["https:\/\/www.facebook.com\/terapeutica.milanowek"]}]}},"_links":{"self":[{"href":"https:\/\/terapeutica.com.pl\/index.php\/wp-json\/wp\/v2\/pages\/3238"}],"collection":[{"href":"https:\/\/terapeutica.com.pl\/index.php\/wp-json\/wp\/v2\/pages"}],"about":[{"href":"https:\/\/terapeutica.com.pl\/index.php\/wp-json\/wp\/v2\/types\/page"}],"author":[{"embeddable":true,"href":"https:\/\/terapeutica.com.pl\/index.php\/wp-json\/wp\/v2\/users\/1"}],"replies":[{"embeddable":true,"href":"https:\/\/terapeutica.com.pl\/index.php\/wp-json\/wp\/v2\/comments?post=3238"}],"version-history":[{"count":6,"href":"https:\/\/terapeutica.com.pl\/index.php\/wp-json\/wp\/v2\/pages\/3238\/revisions"}],"predecessor-version":[{"id":3474,"href":"https:\/\/terapeutica.com.pl\/index.php\/wp-json\/wp\/v2\/pages\/3238\/revisions\/3474"}],"wp:attachment":[{"href":"https:\/\/terapeutica.com.pl\/index.php\/wp-json\/wp\/v2\/media?parent=3238"}],"curies":[{"name":"wp","href":"https:\/\/api.w.org\/{rel}","templated":true}]}}